by 64.
10
Let l(t) = -t**3 - 64*t**2 + 182*t - 51. What is the remainder when l(-67) is divided by 24?
22
Let l = 93 - 56. Suppose -218*b = -211*b - 7112. Let u = -1011 + b. What is the remainder when l is divided by u?
2
Suppose 4*a + 234 = 1386. Calculate the remainder when a is divided by 93.
9
Suppose -2*j = 2*j - 232. Suppose 1092 = 7250*d - 7166*d. Calculate the remainder when j is divided by d.
6
Suppose -4*i + 0*i - 144 = 0. Let a = i + 83. Suppose 2*x + 3*x - 3*h - 75 = 0, -4*x - 2*h = -38. Calculate the remainder when a is divided by x.
11
Let b(n) = 1563*n - 9361. What is the remainder when 75 is divided by b(6)?
7
Let u be (-5 + 5)*(-1)/(-2). Suppose 6*g - 110 - 190 = u. Calculate the remainder when g is divided by 4.
2
Let a(j) = -132*j + 2295. Let p(b) = 7*b**2 + 2*b - 1. What is the remainder when a(16) is divided by p(-2)?
22
Let x be -23 + 25 + (-2 - 458). Let w = -411 - x. Calculate the remainder when w is divided by 9.
2
Let r = 11786 - -5312. Calculate the remainder when r is divided by 349.
346
Let z be 4 - ((-14)/(-8) + (-8)/(-32)). Suppose -2*y = -z + 130. Let l = 102 + y. Calculate the remainder when l is divided by 21.
17
Let c(r) = 73*r - 4. Let g(n) = 5*n**2 - 11*n + 18. What is the remainder when c(3) is divided by g(4)?
53
Let a(v) = -v + 37. Suppose 0 = 4*o + y - 2*y - 788, -2*o + 2*y = -400. Calculate the remainder when o is divided by a(19).
16
Suppose 0 = t - 1, 167 = 3*r + 57*t - 61*t. Let m = -32 + 58. Suppose -g - 5 = -m. Calculate the remainder when r is divided by g.
15
Let z(d) = 57 + 34*d - 66*d + 53*d + d**2. Suppose -3*q - q + 56 = 0. What is the remainder when q is divided by z(-18)?
2
Let r(b) = 298*b**2 + 167*b - 509. Calculate the remainder when r(3) is divided by 26.
22
Let j = -60 - -88. Suppose 0 = -z - 5*c + 63, 0 = -5*z + 2*c - 1 + 424. Calculate the remainder when z is divided by j.
27
Let q be 2 + -6 + (-16648 + -8)/(-6). Suppose -4*k + q = 38*k. Calculate the remainder when k is divided by 17 + 1 + -2 + 1.
15
Suppose 0 = -3*z - 5*a + 132, 2*z + 3*z - 3*a - 186 = 0. Suppose -15*d = 5*d - 4540. Suppose -6*p + d - 95 = 0. What is the remainder when z is divided by p?
17
Suppose 4*r - d + 31 + 18 = 0, 4*r + 46 = -2*d. Let o(f) = f**2 + 16*f + 163. Calculate the remainder when o(r) is divided by 26.
11
Let n = 1891 - 1868. Suppose 4*o = y - 500, -4*o - 16 = 4. What is the remainder when y is divided by n?
20
Suppose -3*s - 4*g + 471 = g, -5*g = -15. Calculate the remainder when 33 is divided by ((-2)/(-3))/(s/(-78) + 2).
7
What is the remainder when -5*(-5)/(25/59) is divided by -1 + 1 - (115/(-5))/1?
13
Let w(q) be the first derivative of q**4/4 - 8*q**3/3 - 2*q**2 - 10*q + 2. Suppose -36*n = -30*n - 54. What is the remainder when w(n) is divided by 18?
17
Let v = 46 - 156. Let y = -97 - v. What is the remainder when 51 is divided by y?
12
Suppose -23*h + 4459 + 1541 = 77*h. Calculate the remainder when 1243 is divided by h.
43
Let c(r) = -4*r - 50. Let n be ((24/9)/8)/((-1)/51). Let a be c(n). Calculate the remainder when a - 2 - (0 - 2) is divided by 7.
4
Suppose -3*b - 3*b + 18 = 0. Suppose -3*y + 258 = -b*z, 4*y + 88 = 5*y + z. Calculate the remainder when y is divided by 22.
21
Let t = -71 + 140. Suppose -f - 2*f + t = 0. Suppose u = 4*i - 172, -23 - 106 = -3*i + 4*u. What is the remainder when i is divided by f?
20
Let b be 40 + -43 - (20/2)/(-2). Let x(o) = 80*o**b - 2 - 8*o**2 - 43*o**2. What is the remainder when 51 is divided by x(-1)?
24
Let o(w) = -172*w + 574. Calculate the remainder when o(-7) is divided by 66.
62
Let r(g) = -g**2 - 5*g - 2. Let w be r(-4). Suppose -s = z - w, 6 = 3*z - s - s. Let d = -2226 - -2228. What is the remainder when d is divided by z?
0
Suppose -3682 = -15*x - 277. Let d = x + -186. Suppose -4*u - u = -75. Calculate the remainder when d is divided by u.
11
Suppose 0 = -306832*q + 306965*q - 1995. What is the remainder when ((-43)/3)/(2/(-6)) is divided by q?
13
Calculate the remainder when 399 is divided by 1677/25 + (-2)/(24 - (11 + -12)).
64
Suppose 27*u - 1207 = 6854 - 690. Calculate the remainder when 1099 is divided by u.
7
Let j(i) = 2*i**2 - 5*i - 4. Let q be j(6). Let f = -25 + q. Suppose d + 147 = 3*o, -26*o + 29*o - 165 = -2*d. Calculate the remainder when o is divided by f.
12
Let x be 2*3 + (-11 - -8). Suppose 4*v - 9*b = -14*b + 31, -v - 3*b + 13 = 0. What is the remainder when x*(-3)/(-9)*17 is divided by v?
1
Let z be -116 - 1*(-7 + 2). Let s = z + 123. What is the remainder when s is divided by 8?
4
Let n(q) = q**3 + 4*q**2 - 5*q + 8. Let z(d) = -d + 7. Let y be z(12). Let g be n(y). Calculate the remainder when (6*g + -3)*1 is divided by 23.
22
Let a(t) = t**2 + 2*t + 3. Let o = -51832 - -52238. Calculate the remainder when o is divided by a(6).
49
Suppose 11*i - 8*i = -3*q - 3, -q - 1 = 0. Suppose -4*c + 4*b + 68 + 24 = i, 5*c = -b + 127. Calculate the remainder when 120 is divided by c.
20
What is the remainder when 301 - -1*1/(-3)*0 is divided by 45?
31
Let y be 380 + (-1 + 4)*(2 - 3). Suppose 7*n - 5*j + y = 3*n, j = 2*n + 187. Let c = n + 98. Calculate the remainder when 14 is divided by c.
4
Let g(n) = 218*n - 289. Let h be g(5). Let c = 819 - h. Let a(p) = -4*p**3 + 2. Calculate the remainder when a(-2) is divided by c.
16
Let g(k) = 5*k**2 - 8*k + 18. Let q be 23/(-161) - (-34)/(-7). Calculate the remainder when g(q) is divided by 46.
45
Let n = -13518 - -13911. What is the remainder when n is divided by 44?
41
Let l(b) = -b**3 + 28*b**2 - 55*b - 23. What is the remainder when l(25) is divided by 17?
1
Suppose -161 = w - 0*w + g, -g = -5*w - 811. Let j = 178 + w. What is the remainder when j is divided by 8/(-6)*(-36)/8?
4
Let d = 217 - 195. Let t(x) = -7 - 10*x + 2*x - 2*x + x**3 + 9*x**2 + 3. What is the remainder when t(-9) is divided by d?
20
Suppose 77*g = 74*g. Suppose 4*k + 5*x - 7 - 127 = g, x - 126 = -4*k. Calculate the remainder when 56 is divided by k.
25
Suppose -3*n = -34 + 31, 3*u - 241 = 5*n. Calculate the remainder when 477 is divided by u.
67
Let s be ((-44)/(-8) - (-40)/16)*4. Suppose 2*y - 5*c = s, -4*y - 2*c + 4 = -60. Let u = 61 - -17. Calculate the remainder when u is divided by y.
14
Calculate the remainder when 10292 is divided by (11/77*(-2 + -4))/(1/(-77)).
62
Let i(a) = -a**3 - 21*a**2 - 105*a - 15. What is the remainder when i(-15) is divided by 186?
24
Let i = -212 - -350. Let f be 42 + (1584/231 - (-2)/14). What is the remainder when i is divided by f + (-3)/(-9)*-6?
44
Suppose 3*j - 30 = 3. Let z(r) = r**3 - 7*r**2 - 6*r - 1. Let y be z(8). Suppose 5*q = 140 + y. What is the remainder when q is divided by j?
9
Suppose -43*i - 835 = -48*i. Suppose -175 = -5*r + z, -4*r + z - 26 = -i. Calculate the remainder when (-978)/(-15) - 3/15 is divided by r.
31
Let v be (32/24)/((-2)/6). Let n be 4/(-2) + v + 12. What is the remainder when 0 + 1 + (n - -65 - -5) is divided by 13?
12
Suppose 365 = 5*r + 2*f + 29, 2*r = 4*f + 168. What is the remainder when 2654 is divided by r?
64
Let x(f) = -4*f - 28. Let k be (-18)/(-12 + 6) + (-1 - 16). Calculate the remainder when x(k) is divided by (1/(-2))/(2/4)*-11.
6
Let n = 103 - -97. Suppose -8*m + 952 = n. Calculate the remainder when m is divided by 4.
2
Let k be -42 - (0 + (-2 - -2)). Let t = k + 80. Suppose -2*g + 63 = 5*w, -2 = 5*g + 3. Calculate the remainder when t is divided by w.
12
Suppose 2*o = -5*s + 20, -4*s + 2*o + 16 = o. What is the remainder when 293 is divided by (0 - 49/s)/((-59)/236)?
48
Suppose 818 = 4*t - 3*y + 2*y, 0 = -2*t + 2*y + 412. Suppose -t*a + 4730 = -182*a. Calculate the remainder when a is divided by 14.
5
Suppose 1097 + 460 = 6*z - 27. Calculate the remainder when z is divided by 42.
12
Suppose -3*u + 42 = -33. Suppose m + 103 - 102 = 0. What is the remainder when 13 + -17 + (-102)/m is divided by u?
23
Let l(t) = 5*t**2 - 2*t + 2. Let g be l(1). Suppose -566 = -b + v, g*v + 23 + 2 = 0. Suppose 76 - b = -5*y. What is the remainder when y is divided by 25?
22
Suppose 12*j - 141*j = -33815 - 36232. What is the remainder when j is divided by 16?
15
Let i(d) = -d**3 + 7*d**2 + 3. Let x be i(7). Suppose -5*f + 57 = 4*k, -x*f + 42 = 2*f - k. What is the remainder when (-2)/6 + 345/f + 3 is divided by 14?
13
Let k = -679 - -688. What is